6. Calculate g(p).
-1
Let q(a) = -a. Let d be q(-1). Let k(v) be the third derivative of -v**2 - 1/6*v**3 + 1/6*v**4 + 0*v + 0. Calculate k(d).
3
Let i = 4 - 8. Let o(q) = q**2 + 5*q - 7. Let v(r) = 3*r - 4. Let m(y) = i*o(y) + 7*v(y). Determine m(-1).
-5
Let m be 3*(-1)/(-3)*-8. Let x(g) = -g**3 - 9*g**2 - 9*g - 11. Calculate x(m).
-3
Let w = -41 + 38. Let i(c) = -4*c. Calculate i(w).
12
Let c(h) = -6*h - 1. Let q = 6 + -3. Suppose -q*v - 16 = 2*k, 4*k = 6*k - v. Determine c(k).
11
Let h(u) = -u**3 + 5*u**2 + 5*u - 1. Suppose q - 4*o + 2*o - 12 = 0, 2*o - 6 = -2*q. Determine h(q).
-7
Let c(b) = 6*b**2 - 1. Let d = -7 + 7. Suppose d = m + 3*f + 13, -f - 2 = 3. Suppose n - 3 = -m. Determine c(n).
5
Let y(o) = -7*o**2 + o - 3. Let c(u) = -20*u**2 + 3*u - 8. Let t(l) = 6*c(l) - 17*y(l). What is t(-4)?
-17
Let p(t) be the third derivative of -t**4/24 - 2*t**3 + 22*t**2. Determine p(-6).
-6
Let r(p) = 2*p - 3. Suppose -32 = -3*a + x - 0*x, -2*a + 33 = -3*x. Let k be (-1)/(1/(-2))*-2. Let h = k + a. Give r(h).
7
Let w(q) = -q + 2. Suppose 0 = 2*d + 4*s - 57 - 23, -150 = -3*d + 4*s. Let a = d - 16. Suppose 2*f - 5*f - a = 5*b, 0 = -4*b - 2*f - 22. Calculate w(b).
5
Let q(v) = v + 16 + 11 - 30. Give q(5).
2
Let o be (-24)/(-3)*2/(-4). Suppose 4*w = -w - 5. Let v = o + w. Let k(u) = u**3 + 6*u**2 + 5*u + 6. What is k(v)?
6
Let q(p) = p - 2 + 8 + 0*p - 2*p. Determine q(0).
6
Let u be -1 + 1 + 5 + -7. Let a(l) = 2*l**2 + 2*l + 1. Determine a(u).
5
Let r = -23 + 17. Let v(a) = -a - 4. Determine v(r).
2
Let w(y) = -y**3 + 8*y**2 - 9*y + 3. Suppose -3*u + 2*p - 4*p = -27, -3*p = -5*u + 26. Calculate w(u).
-11
Let u(k) = 2*k + 3. Suppose 2*y + 4 = 2*g + g, -4*y + g - 8 = 0. Let o be u(y). Let r be (9/6 + o)*-2. Let s(v) = 6*v + 1. Give s(r).
-5
Let i(q) = q**2 - 1. Let b(a) = 5*a**2 + a - 6. Let j(z) = 2*b(z) - 11*i(z). Determine j(1).
0
Let w(f) = -f**3 - 4*f**2 - 3*f - 3. Let u = 12 - 16. What is w(u)?
9
Let o(x) = 1 + 2*x - 4*x + 6*x. What is o(3)?
13
Let x(b) = b**3 + b + b + b + b**2 - 6*b**2 - 4. Calculate x(4).
-8
Let o(k) be the first derivative of k**4/4 - 2*k**3 - 7*k**2/2 + 7*k - 1. Let r = -80 + 87. Calculate o(r).
7
Let i(c) be the second derivative of c**4/12 - 4*c**3/3 + c**2/2 + 4*c. Calculate i(7).
-6
Let n = 0 + 2. Suppose n*u + u = -15. Let o = -6 - u. Let t(m) = -3*m**2 + m. Give t(o).
-4
Let c(t) = -t**3 - 2*t**2 + 2*t - 2. Let a be (-4)/8 - (-5)/2. Let r be -3*(0 - 2/a). Suppose -3*y = 5*p + 24, -r*y - p = -5*y - 3. Calculate c(y).
1
Let b(h) be the second derivative of -7*h**3/6 - h**2/2 - 2*h + 22. What is b(1)?
-8
Suppose -18 = -4*g - 2. Let p(i) = -i**2 + 6*i - 3. Let v be p(5). Let b(s) = 3 + 1 - g*s - v. Calculate b(2).
-6
Let l(v) = -v + 6. Let b(p) = p - 1. Let z(k) = -4*b(k) - 2*l(k). Calculate z(-6).
4
Suppose 3*o - 9 = 0, 8 + 8 = r + 3*o. Let z(s) = -s**2 + 8*s - 6. Calculate z(r).
1
Let q(v) = 0*v + 9*v**2 - 5*v**2 + 3 + 2*v**3 + 4*v + 0*v. Let i be (1 - 4)*(-4)/(-6). Calculate q(i).
-5
Let u(m) = m**2 - 7*m + 6. Let f = 39 - 69. Let q be ((-2)/4)/(3/f). What is u(q)?
-4
Suppose b = -2*b - 3. Let a(p) = -p**3 - 8*p**2 - 4*p - 4. Let i(h) = h**2 - 1. Let m(x) = b*a(x) - 2*i(x). Calculate m(-5).
11
Let g = 1 - 0. Let n = g - -2. Let l = -2 + n. Let a(q) = -3*q**3 - q**2 + 2*q - 1. Determine a(l).
-3
Let q = -7 - -7. Let y(o) be the third derivative of -o**5/60 - o**4/24 - 5*o**3/6 + 2*o**2. Calculate y(q).
-5
Let i = -1 + 7. Let t(z) = -2*z**3 + 4*z**2 + 9*z - 9. Let d(a) = -a**3 - a**2 + a - 1. Let v(c) = -d(c) + t(c). Calculate v(i).
4
Suppose 0 = 2*s - 3*h + 7, 1 = -4*h + 21. Let l(x) = -2*x**2 + 6*x - 5. Calculate l(s).
-13
Let u(o) = -4*o**3 - 2*o**2 + 2*o - 1. Let h(w) = -w**3 - 9*w**2 - 10*w - 1. Let j be h(-8). Suppose -29 = -4*z - 5*r, 3*z + 2*z = 4*r - j. Calculate u(z).
-5
Let m(h) = 2*h + 2 + 0*h + 0*h. Let x be m(-3). Let q(o) = o**2 + 4*o + 4. What is q(x)?
4
Let p(h) be the first derivative of h**4/4 - 5*h**3/3 + h**2 - 5*h - 1. Determine p(5).
5
Let a(b) = b**2 - 3. Suppose 5*p - 21 = 2*w, 15 = -5*w - 0. Calculate a(p).
6
Let s(j) = -2*j + 2. Let v(x) = -5*x + 3. Let n(h) = 7*s(h) - 3*v(h). Suppose 2*g = 3*g - 4. Give n(g).
9
Let h(v) = 2*v**2 - 4*v - 1. Let u be h(3). Let r(j) = -2*j**2 + 7*j - 1. Determine r(u).
-16
Suppose 5*f + 0*o = o - 126, 3*f - 5*o + 58 = 0. Let g be f/8 - (-4)/16. Let y be (2 - 6/9)*g. Let n(u) = u**2 + 6*u + 6. What is n(y)?
-2
Let b(k) = k + 5. Let p = 73 + -69. Calculate b(p).
9
Suppose -5*y - 27 = -0*y + 2*l, 0 = l + 1. Let q(h) = 3*h**2 + 12*h - 15. Let j(w) = w**2 + 6*w - 7. Let p(m) = y*j(m) + 2*q(m). Determine p(5).
0
Suppose -4*r + 44 = 4*g, 3*r - 4*g = -r + 76. Suppose -x + r = 4*x. Let s(b) = 2 - x*b**2 + 6*b**2 + b**3 + 0*b - 2*b + 0*b**3. Determine s(-3).
8
Let f(b) = 4*b - 1. Let k(h) be the first derivative of -4*h**2 + 2*h + 2. Let r(u) = -5*f(u) - 2*k(u). What is r(2)?
-7
Let s(g) be the first derivative of g**3/3 + g**2/2 - 7*g - 1. Let i(q) = -8 + 0*q - q - 4*q + 7*q. Let f be i(4). What is s(f)?
-7
Let r be ((-60)/(-100))/(4/(-5) - -1). Let f(b) = -b**3 + 4*b**2 - b - 4. Calculate f(r).
2
Let h(c) be the third derivative of c**4/24 - c**3/6 - 6*c**2. What is h(-5)?
-6
Suppose -5*z = -z - 16. Suppose z*v - 25 = -1. Let y(r) = v*r**2 - 2*r**2 - r + 5*r + 2. Calculate y(-2).
10
Let r(k) = -k**3 + 5*k**2 - 4*k + 4. Let n(j) = -4*j**3 - 2*j**2 - 2*j + 1. Let t be n(-1). Calculate r(t).
-16
Let n(t) = -t**3 - 6*t**2 - 3*t + 5. Let j be n(-4). Let s = j + 8. Let p(a) = a + 4. Give p(s).
-3
Let w(p) be the second derivative of -1/12*p**4 + 0 - 1/2*p**2 + 1/20*p**5 + p - 2/3*p**3. What is w(3)?
5
Suppose 0 = 2*c - 4*c + 2. Let v(t) = -t**2 - t**3 - t**2 + 5*t**2 - c. Calculate v(3).
-1
Let o(q) = 7 - 2*q + 6*q - 7*q - 1. Calculate o(6).
-12
Let j(f) = 2*f - f + 39 - 41. What is j(-6)?
-8
Let g(f) be the third derivative of f**6/60 + f**5/30 + f**3/3 - 32*f**2. Let l = 18 + -12. Let t = 4 - l. What is g(t)?
-6
Let q(c) = -2*c**2 - 1. Suppose -4*h + 33 = -h. Let p = 9 - h. What is q(p)?
-9
Let z(p) = p**2 + 3*p - 1. Let k(v) = 5*v + 2 + 3*v**2 - v**2 - 4. Let n(g) = 4*k(g) - 7*z(g). Let q(u) be the first derivative of n(u). Give q(1).
1
Let t(r) = -r**2 + 5. Suppose 5*l = 3*i - 7*i + 23, -3*l = 5*i - 19. Let y be (-8)/(-6)*(-5 + i). Calculate t(y).
-11
Let g be 8/(-2) + 12/3. Let s(q) be the third derivative of -q**2 + 0*q**4 + 1/2*q**3 + g + 1/60*q**5 + 0*q. Determine s(-3).
12
Let j(l) = l**2 + 5*l + 3. Let y = 109 + -113. Calculate j(y).
-1
Let v(f) be the third derivative of f**2 + 0*f**4 + 0*f - 1/60*f**5 + 0 + 1/6*f**3 - 1/120*f**6. Suppose 5*d + 14 = 4. Give v(d).
5
Let c(g) = -g**3 - 4*g**2 - 3*g - 4. Let a(z) = -z - 25. Let d be a(-21). Give c(d).
8
Let v(j) be the second derivative of j**3/3 + 2*j. Let c(y) = -y**3 - 7*y**2 - 7*y - 8. Let k = -21 + 15. Let l be c(k). Determine v(l).
-4
Let o(p) be the second derivative of -p**8/6720 + p**7/630 + p**6/144 - p**5/24 + p**4/12 + p. Let n(i) be the third derivative of o(i). What is n(5)?
-5
Let n(v) = v**2 + 2*v + 1. Suppose 0 = 3*d - 8*d - 15. Let f be n(d). Let h(l) = 5*l - l**3 + 1 + 3*l**2 + 0*l**3 - 3. Give h(f).
2
Let h = -128 + 128. Let o(s) = s**2 + s - 2. Determine o(h).
-2
Let j = 7 - 5. Suppose 20 = -7*x + j*x. Let m(z) = z**3 + 5*z**2 + 6*z + 4. Calculate m(x).
-4
Let f(s) = 3*s**2 - s + 1. Let z(v) = -v**2. Let w(m) = -4*f(m) - 10*z(m). Calculate w(3).
-10
Let t(g) = -g**2 - 6*g - 5. Suppose k + 2 = -0*k. Let v be (-36)/(-30)*10/(-3). Let n be k + v + 0 + 1. Give t(n).
0
Let c(s) = 6*s**3 - s + 1. Let d(b) = 5*b**3 + b**2 - b + 1. Let t(g) = -4*c(g) + 5*d(g). Let k(l) = -l**2 - 19*l - 39. Let u be k(-17). What is t(u)?
6
Let y(x) be the first derivative of -5*x**2/2 + 2*x + 1. Give y(-2).
12
Let i(d) = -4*d - 1. Let k(b) be the first derivative of b**4/4 - 3*b**3 + 4*b**2 + 3*b + 2. Let t be k(8). Give i(t).
-13
Suppose 4*f - 8 = 2*x + x, 7 = -f + 3*x. Let o(m) = m**3 - 6*m**2 + 5*m - 4. Calculate o(f).
-4
Suppose 2*v - 6*v + 4 = 0. Let g = 2 - v. Let z(r) be the first derivative of r**3/3 + r**2 - r - 9. Give z(g).
2
Let a(j) be the second derivative of j**5/20 - j**4/3 - 4*j**3/3 + 7*j**2/2 - 17*j. Let h be (4/(-2))/((-6)/15). Calculate a(h).
-8
Let g = -9 + 15. Let z(v) = v**3 - 6*v**2 - v + 8. Let w